n(t) = q(t) - 3*s(t). Determine n(6).
1
Let t(a) be the second derivative of -a**6/360 + a**5/60 - a**4/8 + 8*a**3/3 - 16*a. Let h(s) be the second derivative of t(s). Let f = -2 - -4. Determine h(f).
-3
Let p(h) = h**2 + 7*h + 7. Suppose 2*a + 126 = -a. Let u = -48 - a. Calculate p(u).
1
Let v(g) be the third derivative of g**6/20 - g**3/6 - 28*g**2. Calculate v(1).
5
Let z(n) = -1 + 2*n + 2*n - 3*n - 3. Let m = -195 + 204. Determine z(m).
5
Let m(y) = -5*y**2 - 13*y - 1. Let q(x) = 11*x**2 + 30*x + 2. Let g(o) = 9*m(o) + 4*q(o). Calculate g(-3).
-19
Let f(p) = -p**2 + 0*p**2 - 13*p**2 - 6*p**2. What is f(1)?
-20
Let n(q) = q**2 + 12 + 33*q - 8*q - 2*q**2 - 16*q. Determine n(10).
2
Let o(s) be the first derivative of -5*s**4/24 + 2*s**3/3 - 12*s**2 - 23. Let q(j) be the second derivative of o(j). Determine q(5).
-21
Suppose 2*u - f - 8 = -0*f, 5*f = -2*u + 8. Suppose u = -5*o + 9*o. Let i(a) = -7*a + 3. Let r be i(o). Let b(t) = t - 2. Give b(r).
-6
Let n(g) = g - 4. Suppose 4*j - 3*w + 43 = 0, -3*w = -5*j + 2 - 55. Let h be 14/(-35) + (-44)/j. What is n(h)?
0
Let g(d) = 0*d - 5 + 1 - 3*d**2 - 3*d + 2 + 5. What is g(-3)?
-15
Let i(s) = 43*s + 12. Let g(y) = -36*y - 12. Let m(h) = 6*g(h) + 5*i(h). Give m(-15).
3
Let t(g) = g**2 - 6*g + 9. Suppose 0 = 2*v - 4 - 0. Suppose n - 4*h - 7 + 22 = 0, -n = 4*h - 25. Suppose 0 = 5*s, -v*r + 12 = n*s - s. Give t(r).
9
Let q(z) = z**2 + 9*z + 17. Let f be 8*-1 + 0/15. Determine q(f).
9
Let t = 1286 - 1282. Let h(v) = -v**3 + 2*v**2 + 10*v - 4. Give h(t).
4
Let m(h) = h**3 + 4*h**2 - 2*h - 1. Suppose -24*l - 114 + 18 = 0. Calculate m(l).
7
Let o(x) = -x + 11. Let b(l) = -l**3 - 6*l**2 - 2*l - 7. Let d be b(-6). Determine o(d).
6
Let k = 40 + -35. Let m(b) = -b**2 - k*b - 4 + 5*b - 6*b. Determine m(-6).
-4
Suppose 20 = u + 4*u, -5*s + 3*u - 7 = 0. Let x(t) = -t - 11*t**3 - 5*t**2 + s + 8*t**2 - 3*t**2. Let n be 18/14 + (-4)/14. Give x(n).
-11
Let o be ((-5)/((-20)/76))/(-1). Let k = o - -31. Suppose -5*r = 5*m + 20, -m + k = -5*r - 2*m. Let d(c) = c - 2. Give d(r).
-4
Suppose -3*b - 22*b = 225. Let h(d) = d**2 + 12*d + 2. What is h(b)?
-25
Let r(v) = v**2 - 18*v - 61. Let w be r(22). Suppose -26 = i - w. Let s(b) = 5*b + 1. Calculate s(i).
6
Let a(i) = i**3 - 2*i**2 + 2*i - 2. Let t be -1 + (-1)/((-3)/(-9)). Let n be (-2)/t - 46/(-4). Suppose 4*w + 4 = n. Give a(w).
2
Let v = -36 - -36. Suppose -3*x - 25 + 4 = v. Let y(h) = -2*h - 2*h**3 + 7*h**2 + 7 - 14 + 3*h**3. Determine y(x).
7
Let n(b) = 6*b**2 + 9*b - 5 - 5 - 3*b**3 + 2*b**3. Suppose -4*q - 4 = -0*q. Let s be 5 - (3/q - 1)/2. Determine n(s).
4
Let m(b) = b**3 + 6*b**2 - 5. Let y be m(-6). Let l be 40/(-6)*12/y. Let n = 12 - l. Let r(p) = p**2 + 7*p + 1. Give r(n).
-11
Let f(n) = n**3 - n**2 + 2. Suppose 0 = 25*x - 24*x. Calculate f(x).
2
Suppose 0 = c - 3*r - 11, -6*c - 20 = -2*c + 4*r. Let g(v) = 2*v**3 - v**2 + v + 1. Give g(c).
-3
Let k(j) be the first derivative of 7*j**3/3 - 2*j**2 + 2*j + 6. Let b(d) = 8*d**2 - 4*d + 2. Let l(m) = 6*b(m) - 7*k(m). What is l(5)?
-7
Let n = 16 - 2. Let q be (-136)/(-14) - (-4)/n. Let v be (-24)/40 - (-16)/q. Let j(b) = -2*b**3. What is j(v)?
-2
Let l(i) be the third derivative of -i**6/120 + 7*i**5/60 + 5*i**4/12 - i**3/3 + 99*i**2. Determine l(8).
14
Let q(j) = j + 17. Let g = 185 - 185. What is q(g)?
17
Let k(b) be the first derivative of -b**3/3 - 6*b**2 - 34. Give k(-12).
0
Let x(s) be the second derivative of s**4/4 - s**3/3 - s**2/2 - s. Let j = -646 - -644. What is x(j)?
15
Let f(o) = -o**2 - 102*o - 311. Let q be f(-3). Let w(y) = -y - 12. Determine w(q).
2
Let f(v) = -v + 1. Let r(c) = -c - 10. Let y(n) = 2*f(n) - r(n). Give y(-11).
23
Suppose -20 = -2*r - 2*r. Let g(v) = 4 - r + 2*v + 1 - 1. Give g(-6).
-13
Let i(o) = -1 - o + 2*o + 9 - 5. Suppose -4*v = -4*r + 36, -5*r - 4*v + 1 = -8. Suppose 0*f + r = f. Calculate i(f).
8
Let g = 21 + -22. Let t(n) = n + 1. Let l be t(g). Let x(a) = -a**3 - a + 5. Determine x(l).
5
Let m(b) = b**2 + 10*b - 11. Suppose -36*j + 19*j = 153. Determine m(j).
-20
Let u(h) be the second derivative of -3*h**5/10 - h**2/2 + h. Let x be (-21)/(-18) + 3 + (-19)/6. Let f be 2/x - (2 - -1). Calculate u(f).
5
Suppose 2*v + 11 = t, -2*t - 10 = -2*v - 30. Let i(c) = c**2 - 10*c + 10. Determine i(t).
1
Let b be (-10)/(-100)*-4*5. Let k(i) = i**2 + 4*i + 3. Calculate k(b).
-1
Let f(i) be the second derivative of i**4/2 + i**2/2 - 15*i. Let j be (-1)/3 + 4/3. Calculate f(j).
7
Let m(w) = -w + 7. Let o(k) = -k + 2 + 3*k - 10 - 7. Let c(r) = -5*m(r) - 3*o(r). Determine c(7).
3
Suppose -273*j + 80 = -263*j. Let m(x) = x**2 - 5*x - 7. Give m(j).
17
Let k(v) be the second derivative of -v**5/20 - v**4 + v**3/6 + 3*v**2 - 302*v. Give k(-12).
-6
Let m(z) be the second derivative of z**5/120 + 11*z**4/24 - 5*z**3 + 14*z. Let y(i) be the second derivative of m(i). Calculate y(-8).
3
Let r be 2/(1/(4/(-8))). Let c = r + -4. Let z(m) = 82 - 84 + 5*m**2 - 4*m - 6*m**2. What is z(c)?
-7
Suppose o + o + i - 7 = 0, o - i - 2 = 0. Let a(k) = 115*k**2 + o - 6 + 5*k - 114*k**2. Give a(-7).
11
Suppose -5*r = 5*l - 0*l - 15, 4*l = r + 2. Let c(g) = -l - g + 1 - 3 - 2*g. Determine c(-3).
6
Suppose -96 = -5*t + 14. Let q = 26 - t. Let f(p) = -7*p + p + q + p - 5. Give f(1).
-6
Let r(w) = -26*w - 83. Let s(o) = -3*o - 10. Let c(x) = 2*r(x) - 17*s(x). Determine c(-1).
5
Let y(i) = 5*i - 15. Let q be y(6). Suppose q*g - 5 = 25. Let t(h) = 2*h**2 + 4*h - 2. Let m(b) = -b**2 - 4*b + 2. Let v(x) = -5*m(x) - 4*t(x). Give v(g).
-6
Let n(o) = o - 3. Let k(p) = -2*p + 14. Let x(f) = k(f) + 4*n(f). Give x(0).
2
Let f(r) be the first derivative of -r**4/4 - 2*r**3 + 2*r**2 + 3*r + 142. What is f(-6)?
-21
Let b = -21 + 16. Let l(u) = -9*u**3 - 19*u**2 - 19*u - 13. Let w(y) = 4*y**3 + 9*y**2 + 9*y + 6. Let t(j) = 3*l(j) + 7*w(j). What is t(b)?
-2
Suppose 5 = -g - 3*d + 13, -5*g + 5*d + 20 = 0. Suppose 3*n - g = -14. Let x(y) = y**3 + 3*y**2 + 5*y + 3. What is x(n)?
-12
Let g(n) = -3*n**2 + 2*n - 3*n**3 - 2 + 0 + 4*n**3. Suppose 18 = 4*i - 50. Let d(l) = l**2 - 19*l + 37. Let s be d(i). Give g(s).
4
Let l(i) = -i**2 + 9*i - 7. Let s = -11 - -13. Let d be 1/(s/(-12)*-2). Suppose -3*r + 15 + d = 0. What is l(r)?
11
Let z(t) be the second derivative of t**5/20 + 5*t**4/12 + 5*t**3/6 - 3*t**2/2 + 31*t. Determine z(-4).
-7
Suppose 0 = 2*g + 3*g - 4*l, -g - 2*l + 14 = 0. Let r be ((-4)/20*-3)/(2/10). Suppose r*h = -4*t + g, -5*t + 3*h = 2*h - 5. Let y(x) = 7*x - 1. Determine y(t).
6
Let w = 1 - -4. Let y(h) = 16*h + 2 - w*h - 1. Suppose 0 = -2*k - 4*l + 18, -4*k - l + 2 = -k. Give y(k).
-10
Suppose 6*v - 4 = 8*v. Let a = v + 16. Suppose 0 = 3*y - 5*d + a, d + 4 = 3*y + y. Let k(p) = p**3 + p**2 - p + 2. What is k(y)?
12
Let s(q) = -2*q**2 + 2*q + 43. Let g(c) = -c**2 + c + 21. Let w(t) = -5*g(t) + 2*s(t). Let z(y) = -6*y**2 - 9*y - 3. Let j be z(-1). Give w(j).
-19
Let k(u) = 24*u + 4 + 13*u - 38*u. Give k(-3).
7
Let l be -1 - (-1 - 10) - 18/6. Let t(j) = j**2 - 4*j - 15. Calculate t(l).
6
Let v(f) = -4*f + 3*f - 46*f**2 - 1 - f**3 + 49*f**2 - f**3. Suppose -j - 2*q + 8 = 0, -2*j - 2*q + 3 = -7. Give v(j).
-7
Let o(h) = -2*h - 4. Suppose 26*l + 12 = 29*l. Calculate o(l).
-12
Let r(c) = c**3 + 3*c**2 + 2*c - 2. Suppose 0 = -4*p - 5*g - 6 - 31, 25 = -5*p - 2*g. Let q(h) = -h**3 - 3*h**2 + 3*h + 7. Let i be q(p). Give r(i).
-2
Let x = -334 + 339. Let g(m) = -3*m**3 + 7*m**2 - 3*m + 1. Let r = 3 + 2. Let j(o) = -7*o**3 + 15*o**2 - 7*o + 1. Let u(f) = r*g(f) - 2*j(f). Calculate u(x).
-2
Let t(s) = 47 + 58 - 106 + 63*s. Determine t(-1).
-64
Let a(j) = j**2. Let k(m) = 10*m**3 - 5*m**2 + m + 1. Let y(o) = 4*a(o) + k(o). What is y(-1)?
-11
Let t(s) be the third derivative of -s**6/720 + s**5/120 - 7*s**4/8 + 22*s**2. Let b(p) be the second derivative of t(p). Give b(-6).
7
Let r(f) = f**2 - 6*f + 5. Let y be r(6). Suppose -3*p + 0 + 1 = -2*n, n + 3*p - 13 = 0. Let w(u) = u**3 + 5*u - 6*u**2 - 7 - n*u + 4*u. What is w(y)?
-7
Let v(z) = 4*z**2 - 3*z - 5. Let h(x) = -x**2 + 1. Let l(c) = -3*h(c) - v(c). What is l(4)?
-2
Let j(d) = -5 - 2 - 7*d + 3*d + 3. Let q(s) = s**2 + 4*s. Let c be q(-3). Calculate j(c).
8
Let w(p) = -14*p - 5. Let v be w(-4). Suppose 5*b = 49 + v. Let l be 2/7 - b/70. Let n(h) = -h**2 + 7. What is n(l)?
7
Let q(f